{"id":517,"date":"2020-03-30T08:08:23","date_gmt":"2020-03-30T06:08:23","guid":{"rendered":"https:\/\/www.beniss.it\/?page_id=517"},"modified":"2021-10-31T12:19:23","modified_gmt":"2021-10-31T11:19:23","slug":"carrello","status":"publish","type":"page","link":"https:\/\/www.beniss.it\/?page_id=517","title":{"rendered":"Carrello"},"content":{"rendered":"<div class=\"woocommerce\"><div class=\"woocommerce-notices-wrapper\"><\/div><p class=\"cart-empty woocommerce-info\">Your cart is currently empty.<\/p>\t<p class=\"return-to-shop\">\n\t\t<a class=\"button wc-backward wp-element-button\" href=\"https:\/\/www.beniss.it\/?page_id=516\">\n\t\t\tReturn to shop\t\t<\/a>\n\t<\/p>\n<\/div>\n\n\n\n<h4 class=\"has-vivid-red-color has-text-color wp-block-heading\">TUTTI I GIORNI &#8211; Servizio ASPORTO Take Away<\/h4>\n\n\n\n<ul class=\"wp-block-list\"><li>Ben\u00ecss \u00e8 aperto con la modalit\u00e0 <strong>ASPORTO <\/strong>per  il ritiro degli ordini da marted\u00ec a domenica dalle 8.00 alle 12.00.<\/li><li><strong>Specifica nelle note il giorno <\/strong>che scegli per il ritiro<\/li><li>La prenotazione <em>online <\/em>va inviata il giorno precedente.<\/li><li>Puoi anche prenotare telefonicamente 0362 930071<\/li><\/ul>\n\n\n\n<h4 class=\"has-vivid-red-color has-text-color wp-block-heading\">Spedizioni fuori zona<\/h4>\n\n\n\n<figure class=\"wp-block-image size-large is-resized\"><img loading=\"lazy\" decoding=\"async\" src=\"https:\/\/www.beniss.it\/wp-content\/uploads\/2020\/05\/ico_spedizione.gif\" alt=\"\" class=\"wp-image-1852\" width=\"69\" height=\"63\"\/><\/figure>\n\n\n\n<p>Alcuni prodotti (biscotti, confetti, <strong>panettoni<\/strong>, cesti regalo) possono essere spediti in tutta Italia ed Europa con corriere espresso.<br>Se hai necessit\u00e0 particolari, <strong>contattaci <\/strong>per avere pi\u00f9 informazioni 0362 930071<\/p>\n","protected":false},"excerpt":{"rendered":"<p>TUTTI I GIORNI &#8211; Servizio ASPORTO Take Away Ben\u00ecss \u00e8 aperto con la modalit\u00e0 ASPORTO per il ritiro degli ordini da marted\u00ec a domenica dalle 8.00 alle 12.00. Specifica nelle &hellip; <\/p>\n<p class=\"link-more\"><a href=\"https:\/\/www.beniss.it\/?page_id=517\" class=\"more-link\">Leggi tutto<span class=\"screen-reader-text\"> &#8220;Carrello&#8221;<\/span><\/a><\/p>\n","protected":false},"author":1,"featured_media":0,"parent":0,"menu_order":0,"comment_status":"closed","ping_status":"closed","template":"","meta":{"spay_email":"","footnotes":""},"class_list":["post-517","page","type-page","status-publish","hentry"],"_links":{"self":[{"href":"https:\/\/www.beniss.it\/index.php?rest_route=\/wp\/v2\/pages\/517","targetHints":{"allow":["GET"]}}],"collection":[{"href":"https:\/\/www.beniss.it\/index.php?rest_route=\/wp\/v2\/pages"}],"about":[{"href":"https:\/\/www.beniss.it\/index.php?rest_route=\/wp\/v2\/types\/page"}],"author":[{"embeddable":true,"href":"https:\/\/www.beniss.it\/index.php?rest_route=\/wp\/v2\/users\/1"}],"replies":[{"embeddable":true,"href":"https:\/\/www.beniss.it\/index.php?rest_route=%2Fwp%2Fv2%2Fcomments&post=517"}],"version-history":[{"count":27,"href":"https:\/\/www.beniss.it\/index.php?rest_route=\/wp\/v2\/pages\/517\/revisions"}],"predecessor-version":[{"id":3840,"href":"https:\/\/www.beniss.it\/index.php?rest_route=\/wp\/v2\/pages\/517\/revisions\/3840"}],"wp:attachment":[{"href":"https:\/\/www.beniss.it\/index.php?rest_route=%2Fwp%2Fv2%2Fmedia&parent=517"}],"curies":[{"name":"wp","href":"https:\/\/api.w.org\/{rel}","templated":true}]}}