{"id":3,"date":"2020-01-03T17:36:14","date_gmt":"2020-01-03T16:36:14","guid":{"rendered":"https:\/\/www.beniss.it\/?page_id=3"},"modified":"2020-04-02T19:29:48","modified_gmt":"2020-04-02T17:29:48","slug":"privacy-policy","status":"publish","type":"page","link":"https:\/\/www.beniss.it\/?page_id=3","title":{"rendered":"Privacy Policy"},"content":{"rendered":"<p>Questo sito\u00a0<strong style=\"font-size: 1rem;\">https:\/\/www.beniss.it<\/strong>\u00a0\u00e8 di propriet\u00e0 della societ\u00e0\u00a0<strong style=\"font-size: 1rem;\">IL CONFETTIERE SNC<\/strong>\u00a0con sede in Viale Lombardia 39 ALBIATE (MB) ITALIA che ne gestisce direttamente e senza intermediari la redazione delle pagine e la pubblicazione dei contenuti.<\/p>\n<article id=\"post-3\" class=\"post-3 page type-page status-publish hentry\">\n<div class=\"entry-content\">\n<p>Il sito \u00e8 appoggiato su un server che utilizza il protocollo\u00a0<strong>SSL<\/strong>\u00a0per navigare in sicurezza.<\/p>\n<h2>Privacy policy sul trattamento dei dati personali<\/h2>\n<h6>ART. 13 DEL REGOLAMENTO (UE) 2016\/679 (GDPR)<\/h6>\n<h4>OGGETTO: INFORMATIVA SUL TRATTAMENTO DEI DATI PERSONALI AI SENSI DELL\u2019 ART. 13 DEL REGOLAMENTO (UE) 2016\/679<\/h4>\n<p>Premessa \u2013 Il Regolamento (UE) 2016\/679 (\u00abRegolamento generale sulla protezione dei dati\u00bb, nel seguito GDPR) prevede la tutela delle persone fisiche con riferimento al trattamento dei dati personali. Secondo tale normativa il trattamento dei dati personali che si riferiscono ad un soggetto, nello specifico da definirsi \u201cinteressato\u201d, \u00e8 improntato ai principi di correttezza, liceit\u00e0 e trasparenza, nonch\u00e9 di tutela della riservatezza e dei diritti dell\u2019interessato stesso.<\/p>\n<p>La presente per informarLa, in osservanza delle sopraccitate norme, che in relazione al rapporto o relazione che Lei ha con la nostra struttura, la nostra organizzazione \u00e8 in possesso di alcuni dati a Lei relativi, che sono stati acquisiti, anche verbalmente, direttamente o tramite terzi che effettuano operazioni che La riguardano o che, per soddisfare ad una Sua richiesta, acquisiscono e ci forniscono informazioni.<\/p>\n<p>Ai sensi del GDPR, essendo tali dati informazioni che si riferiscono a Lei devono qualificarsi come \u201cdati personali\u201d, e debbono pertanto beneficiare della tutela disposta da dette disposizioni. Nello specifico, secondo detta normativa, Lei \u00e8 l\u2019interessato che beneficia dei diritti posti a tutela dei Suoi dati personali.<\/p>\n<p>Ai sensi dell\u2019art. 13 del GDPR la nostra struttura, in qualit\u00e0 di Titolare, proceder\u00e0 al trattamento dei dati personali da Lei forniti nel rispetto della normativa, con la massima cura, attuando procedure e processi di gestione efficaci per garantire la tutela del trattamento dei Suoi dati personali. A tal fine lo scrivente, utilizzando procedure materiali e di gestione a salvaguardia dei dati raccolti, si impegna a proteggere le informazioni comunicate, in modo tale da evitare accessi o divulgazioni non autorizzate, nonch\u00e9 per mantenere accuratezza dei dati ed altres\u00ec per garantire l\u2019uso appropriato degli stessi.<\/p>\n<p>In ossequio a tale premessa si forniscono le seguenti informazioni:<\/p>\n<p><strong>Titolare del trattamento<\/strong>\u00a0\u2013 Titolare del trattamento \u00e8 lo scrivente:<br \/>\n<strong>IL CONFETTIERE SNC<\/strong>\u00a0P.Iva 02265230967<br \/>\nSede: Viale Lombardia 39 ALBIATE (MB) ITALIA<br \/>\nTel: +39 0362 930071<br \/>\nPec: <a href=\"mailto:ilconfettiere@pec.it\">ilconfettiere@pec.it<\/a><br \/>\nEmail: <a href=\"mailto:info@ilconfettiere.it\">info@ilconfettiere.it<\/a><\/p>\n<h4>LUOGO DI TRATTAMENTO DEI DATI PERSONALI<\/h4>\n<p>I trattamenti connessi ai servizi web di questo sito hanno luogo presso la predetta sede di IL CONFETTIERE SNC e sono curati solo da personale incaricato del trattamento, oppure da eventuali incaricati di occasionali operazioni di manutenzione.<\/p>\n<p>I dati derivanti dal servizio web potranno essere comunicati ai partner tecnologici e strumentali di cui il \u201ctitolare\u201d si avvale per l\u2019erogazione dei servizi richiesti dagli utenti visitatori.<\/p>\n<p>I dati personali forniti dagli utenti visitatori che inoltrano richieste di invio di materiale informativo (richieste di informazioni, risposte a quesiti, ecc.) o altre comunicazioni (ordini) sono utilizzati al solo fine di eseguire il servizio o la prestazione richiesta e sono comunicati a terzi nel solo caso in cui ci\u00f2 sia a tal fine necessario (erogazione dei servizi richiesti per il tramite del partner tecnologico e strumentale).<\/p>\n<h4>MODALIT\u00c0 DI TRATTAMENTO DEI DATI PERSONALI<\/h4>\n<p>Il trattamento dei dati personali \u00e8 realizzato per mezzo delle operazioni indicate all\u2019art. 4 Codice Privacy e all\u2019art. 4 n. 2) RGPD, per le finalit\u00e0 di cui sopra, sia su supporto cartaceo che informatico, per mezzo di strumenti elettronici o comunque automatizzati, nel rispetto della normativa vigente in particolare in materia di riservatezza e sicurezza e in conformit\u00e0 ai principi di correttezza, liceit\u00e0 e trasparenza e tutela dei diritti del Cliente.<\/p>\n<p>Il trattamento \u00e8 svolto direttamente dall\u2019organizzazione del titolare, dai suoi responsabili e\/o incaricati.<\/p>\n<p>Specifiche misure di sicurezza sono osservate per prevenire la perdita dei dati, usi illeciti o non corretti ed accessi non autorizzati. IL CONFETTIERE SNC, per ridurre al minimo i rischi afferenti la riservatezza, la disponibilit\u00e0 e l\u2019integrit\u00e0 dei dati personali raccolti e trattati ha adottato tutte le misure minime di sicurezza previste dalla legge.<\/p>\n<h4>DATI PERSONALI RACCOLTI<\/h4>\n<p>Lo scrivente, in qualit\u00e0 di Titolare utilizza i Suoi dati personali per operare al meglio nell\u2019esercizio della propria attivit\u00e0. Potranno esserLe richiesti, anche solo parzialmente, i seguenti dati:<\/p>\n<ul>\n<li>dati anagrafici, codice fiscale, partita iva, denominazione, sede legale, residenza e domicilio e dati di contatto;<\/li>\n<li>dati relativi al rapporto contrattuale descrittivi della tipologia del contratto, nonch\u00e9 informazioni relative alla sua esecuzione e necessarie per l\u2019adempimento del contratto stesso;<\/li>\n<li>dati di tipo contabile relativi al rapporto economico, alle somme dovute e ai pagamenti, al loro andamento periodico, alla sintesi dello stato contabile del rapporto.<\/li>\n<\/ul>\n<h4>FINALIT\u00c0 E MODALIT\u00c0 DEL TRATTAMENTO<\/h4>\n<p>I dati personali da Lei forniti verranno trattati esclusivamente per le seguenti finalit\u00e0:<\/p>\n<ul>\n<li>stipulazione ed esecuzione del contratto e di tutte le attivit\u00e0 ad esso connesse, quali, a titolo esemplificativo, fatturazione, tutela del credito, servizi amministrativi, gestionali, organizzativi e funzionali all\u2019esecuzione del contratto;<\/li>\n<li>adempimento degli obblighi previsti dalla legge, regolamenti, normativa applicabile e altre disposizioni impartite da autorit\u00e0 investite dalla legge e da organi di vigilanza e controllo. Il trattamento dei dati personali per le finalit\u00e0 di cui sopra non richiede il Suo consenso espresso (art. 24, lett. a) e b) del Codice e art. 6 lett. b) e e) del GDPR).<\/li>\n<\/ul>\n<p>Il trattamento dei dati personali per le finalit\u00e0 di cui sotto richiede il suo consenso espresso (art. 23 del Codice e art. 7 del RGPD). Detto consenso riguarda sia le modalit\u00e0 di comunicazione automatizzate che quelle tradizionali sopra descritte. Lei avr\u00e0 sempre il diritto di opporsi in maniera agevole e gratuitamente, in tutto o anche solo in parte al trattamento dei Suoi dati per dette finalit\u00e0, escludendo ad esempio le modalit\u00e0 automatizzate di contatto ed esprimendo la sua volont\u00e0 di ricevere comunicazioni commerciali e promozionali esclusivamente attraverso modalit\u00e0 tradizionali di contatto. Le finalit\u00e0 per le quali \u00e8 richiesto un consenso esplicito sono:<\/p>\n<ul>\n<li>svolgimento di attivit\u00e0 di marketing e promozionali di prodotti e servizi del Titolare, comunicazioni commerciali, sia con mezzi automatizzati senza intervento dell\u2019operatore (es. sms, fax, mms, posta elettronica ecc.) che tradizionali (tramite telefono, posta);<\/li>\n<li>elaborazione di studi e ricerche di mercato.<\/li>\n<\/ul>\n<h4>NATURA OBBLIGATORIA O FACOLTATIVA DEL CONFERIMENTO DEI DATI E CONSEGUENZE DI UN EVENTUALE RIFIUTO<\/h4>\n<p>I dati richiesti per le finalit\u00e0 di cui alle precedenti lettere a) e b) devono essere obbligatoriamente forniti per l\u2019adempimento degli obblighi di legge e\/o per la conclusione ed esecuzione del rapporto contrattuale e la fornitura dei servizi richiesti. Pertanto il Suo eventuale rifiuto, anche parziale, di fornire tali dati comporterebbe l\u2019impossibilit\u00e0 per il Fornitore di instaurare e gestire il rapporto stesso e di fornire il servizio richiesto.<\/p>\n<p>Il conferimento dei dati personali necessari per le finalit\u00e0 di cui alle precedenti lettere c) e d) \u00e8 facoltativo, pertanto il Suo eventuale rifiuto di fornire tali dati comporterebbe l\u2019impossibilit\u00e0 di porre in essere le attivit\u00e0 ivi descritte.<\/p>\n<h4>TRASFERIMENTO DI DATI PERSONALI ALL\u2019ESTERO<\/h4>\n<p>I dati personali sono conservati su server ubicati all\u2019interno dell\u2019Unione Europea. Resta in ogni caso inteso che il Titolare, ove si rendesse necessario, avr\u00e0 facolt\u00e0 di spostare i server anche extra-UE. In tal caso, il Titolare assicura sin d\u2019ora che il trasferimento dei dati extra-UE avverr\u00e0 in conformit\u00e0 alle disposizioni di legge applicabili, previa stipula delle clausole contrattuali standard previste dalla Commissione Europea.<\/p>\n<h4>PERIODO DI CONSERVAZIONE DEI DATI PERSONALI<\/h4>\n<p>I dati personali saranno conservati per l\u2019intera durata espressa dal contratto stipulato con il Titolare concluso il quale i dati saranno conservati per l\u2019espletazione dei termini previsti per legge per la conservazione dei documenti amministrativi dopodich\u00e9 saranno eliminati.<\/p>\n<h4>COMUNICAZIONE E DIFFUSIONE<\/h4>\n<p>I Suoi dati personali potranno essere comunicati, nei limiti strettamente pertinenti agli obblighi, ai compiti ed alle finalit\u00e0 di cui sopra e nel rispetto della normativa vigente in materia, alle seguenti categorie di soggetti:<\/p>\n<ul>\n<li>soggetti a cui tale comunicazione deve essere effettuata al fine di adempiere o per esigere l\u2019adempimento di specifici obblighi previsti da leggi, da regolamenti e\/o dalla normativa comunitaria;<\/li>\n<li>societ\u00e0 appartenenti al Gruppo del Titolare ovvero controllanti, controllate o collegate ai sensi dell\u2019Art. 2359 Cod.Civ., che agiscono in qualit\u00e0 di responsabili del trattamento o per finalit\u00e0 amministrativo contabili (finalit\u00e0 connesse allo svolgimento di attivit\u00e0 di natura organizzativa interna, amministrativa, finanziaria e contabile, in particolare, funzionali all\u2019adempimento di obblighi contrattuali e precontrattuali);<\/li>\n<li>persone fisiche e\/o giuridiche esterne che forniscono servizi strumentali alle attivit\u00e0 del Titolare per le finalit\u00e0 di cui al precedente punto 1. (es. agenti, consulenti commerciali, societ\u00e0, enti, studi professionali). Tali soggetti opereranno in qualit\u00e0 di responsabili del trattamento.<\/li>\n<\/ul>\n<p>I dati personali non saranno in alcun modo oggetto di diffusione.<\/p>\n<h4>DIRITTI DI CUI AGLI ARTICOLI 15 E SS., GDPR<\/h4>\n<p>Nella Sua qualit\u00e0 di interessato, come previsto dal GDPR ha precisamente i diritti di:<\/p>\n<ul>\n<li>ottenere la conferma dell\u2019esistenza o meno di dati personali che La riguardano, anche se non ancora registrati, e la loro comunicazione in forma intelligibile;<\/li>\n<li>ottenere l\u2019indicazione:<br \/>\na. dell\u2019origine dei dati personali;<br \/>\nb. delle finalit\u00e0 e modalit\u00e0 del trattamento;<br \/>\nc. della logica applicata in caso di trattamento effettuato con l\u2019ausilio di strumenti elettronici;<br \/>\nd. degli estremi identificativi del titolare, dei responsabili e del rappresentante designato<br \/>\ne. dei soggetti o delle categorie di soggetti ai quali i dati personali possono essere comunicati o che possono venirne a conoscenza in qualit\u00e0 di rappresentante<br \/>\nf. designato nel territorio dello Stato, di responsabili o incaricati;<\/li>\n<li>ottenere:<br \/>\na. l\u2019aggiornamento, la rettificazione ovvero, quando vi ha interesse, l\u2019integrazione dei dati;<br \/>\nb. la cancellazione, la trasformazione in forma anonima o il blocco dei dati trattati in violazione di legge, compresi quelli di cui non \u00e8 necessaria la conservazione in relazione agli scopi per i quali i dati sono stati raccolti o successivamente trattati;<br \/>\nc. l\u2019attestazione che le operazioni di cui alle lettere a) e b) sono state portate a conoscenza, anche per quanto riguarda il loro contenuto, di coloro ai quali i dati sono stati comunicati o diffusi, eccettuato il caso in cui tale adempimento si rivela impossibile o comporta un impiego di mezzi manifestamente sproporzionato rispetto al diritto tutelato;<br \/>\nd. opporsi, in tutto o in parte;<br \/>\ne. per motivi legittimi al trattamento dei dati personali che La riguardano, ancorch\u00e9 pertinenti allo scopo della raccolta;<br \/>\nal trattamento di dati personali che La riguardano a fini di invio di materiale pubblicitario o di vendita diretta o per il compimento di ricerche di mercato o di comunicazione commerciale, mediante l\u2019uso di sistemi automatizzati di chiamata senza l\u2019intervento di un operatore mediante e-mail e\/o mediante modalit\u00e0 di marketing tradizionali mediante telefono e\/o posta cartacea. Si fa presente che il diritto di opposizione dell\u2019interessato per finalit\u00e0 di marketing diretto mediante modalit\u00e0 automatizzate si estende a quelle tradizionali e che comunque resta salva la possibilit\u00e0 per l\u2019interessato di esercitare il diritto di opposizione anche solo in parte. Pertanto, l\u2019interessato pu\u00f2 decidere di ricevere solo comunicazioni mediante modalit\u00e0 tradizionali ovvero solo comunicazioni automatizzate oppure nessuna delle due tipologie di comunicazione.<br \/>\nOve applicabili, ha altres\u00ec i diritti alla rettifica, all\u2019oblio, di limitazione di trattamento, alla portabilit\u00e0 dei dati, di opposizione, nonch\u00e9 il diritto di reclamo all\u2019Autorit\u00e0 Garante.<\/li>\n<\/ul>\n<h4>Modalit\u00e0 di esercizio dei diritti<\/h4>\n<p>Potr\u00e0 in qualsiasi momento esercitare i diritti inviando apposita richiesta al titolare o al responsabile del trattamento mediante:<\/p>\n<ul>\n<li>raccomandata a.r. a IL CONFETTIERE SNC, Viale Lombardia 39, ALBIATE 20847 (MB)<\/li>\n<li>pec all\u2019indirizzo: <a href=\"mailto:ilconfettiere@pec.it\">ilconfettiere@pec.it<\/a><\/li>\n<li>e-mail all\u2019indirizzo: <a href=\"mailto:info@ilconfettiere.it\">info@ilconfettiere.it<\/a><\/li>\n<\/ul>\n<\/div>\n<\/article>\n","protected":false},"excerpt":{"rendered":"<p>Questo sito\u00a0https:\/\/www.beniss.it\u00a0\u00e8 di propriet\u00e0 della societ\u00e0\u00a0IL CONFETTIERE SNC\u00a0con sede in Viale Lombardia 39 ALBIATE (MB) ITALIA che ne gestisce direttamente e senza intermediari la redazione delle pagine e la pubblicazione &hellip; <\/p>\n<p class=\"link-more\"><a href=\"https:\/\/www.beniss.it\/?page_id=3\" class=\"more-link\">Leggi tutto<span class=\"screen-reader-text\"> &#8220;Privacy Policy&#8221;<\/span><\/a><\/p>\n","protected":false},"author":1,"featured_media":0,"parent":0,"menu_order":0,"comment_status":"closed","ping_status":"open","template":"","meta":{"spay_email":"","footnotes":""},"class_list":["post-3","page","type-page","status-publish","hentry"],"_links":{"self":[{"href":"https:\/\/www.beniss.it\/index.php?rest_route=\/wp\/v2\/pages\/3","targetHints":{"allow":["GET"]}}],"collection":[{"href":"https:\/\/www.beniss.it\/index.php?rest_route=\/wp\/v2\/pages"}],"about":[{"href":"https:\/\/www.beniss.it\/index.php?rest_route=\/wp\/v2\/types\/page"}],"author":[{"embeddable":true,"href":"https:\/\/www.beniss.it\/index.php?rest_route=\/wp\/v2\/users\/1"}],"replies":[{"embeddable":true,"href":"https:\/\/www.beniss.it\/index.php?rest_route=%2Fwp%2Fv2%2Fcomments&post=3"}],"version-history":[{"count":10,"href":"https:\/\/www.beniss.it\/index.php?rest_route=\/wp\/v2\/pages\/3\/revisions"}],"predecessor-version":[{"id":798,"href":"https:\/\/www.beniss.it\/index.php?rest_route=\/wp\/v2\/pages\/3\/revisions\/798"}],"wp:attachment":[{"href":"https:\/\/www.beniss.it\/index.php?rest_route=%2Fwp%2Fv2%2Fmedia&parent=3"}],"curies":[{"name":"wp","href":"https:\/\/api.w.org\/{rel}","templated":true}]}}